*n - 417. Let y = c - 67. Let b = y - 69. What are the prime factors of b?
5, 13
Let z = -2376 - -1359. Let v = z - -2350. What are the prime factors of v?
31, 43
Let n(s) = 4*s - 10. Let v be n(7). Suppose v*x = 633 + 843. List the prime factors of x.
2, 41
Let r = -10667 - -15401. List the prime factors of r.
2, 3, 263
Let x = 499 - -81. List the prime factors of x.
2, 5, 29
Let c(n) = n**3 - 76*n**2 - 131*n - 101. What are the prime factors of c(78)?
43
Let z(d) = -2*d + d - 15*d + 42 + 4*d. List the prime factors of z(-5).
2, 3, 17
Let c = -58 - -55. Let p be c/(-7) - (-1235)/91. Suppose p*i - 721 = -77. What are the prime factors of i?
2, 23
Let s(m) be the third derivative of 5*m**4/24 + 25*m**3/6 + 12*m**2. Let h be s(-5). Suppose 0*n - 3*n + 9 = h, 5*n = p - 204. What are the prime factors of p?
3, 73
Let v = -32342 + 66035. List the prime factors of v.
3, 11, 1021
Let m = 104760 - 58243. List the prime factors of m.
181, 257
Let y(p) = 607*p**2 - 25*p + 64. What are the prime factors of y(3)?
2, 29, 47
Let t(x) = 3932*x**2 - 163*x + 513. What are the prime factors of t(3)?
2, 3, 13, 227
Let z = 1803 - 136. What are the prime factors of z?
1667
Let n(a) = 445*a**3 + 13*a - 17. List the prime factors of n(2).
43, 83
Let i = 337 - 199. Let v = i - 106. List the prime factors of v.
2
Suppose -14*o - 2*o = -16. Let s(y) = -320*y + 8. Let u be s(o). Let j = -102 - u. List the prime factors of j.
2, 3, 5, 7
Suppose -n = 2*a - 22652, -3*a + 54*n = 50*n - 34000. List the prime factors of a.
2, 3, 59
Suppose 0 = -d - 2*q + 13, 2*d + 8 - 66 = 4*q. Let y = -8 + d. List the prime factors of ((y + 1)/(-2))/((-3)/21).
7
Let f = 574 - 871. Let c = 49 - f. List the prime factors of c.
2, 173
Suppose -3*o = 5*f + 4345, -3*f + 2*f + o - 861 = 0. Let r = f - -1495. List the prime factors of r.
17, 37
Suppose -3*w - 4 = -0*w - 2*j, 0 = -3*w - 4*j + 26. Let n be w + 58 - (0 - -1). Suppose 3*b - 200 + n = 0. What are the prime factors of b?
47
Let q(u) = 3775*u**2 - 15*u - 19. What are the prime factors of q(-1)?
3, 419
List the prime factors of ((-46213164)/(-48))/23 - -6*(-2)/16.
3, 4651
Suppose 2*f + 56 = -z, -3*f = -2*z - 161 + 14. List the prime factors of 8/(-6) + 0 + (-20548)/z.
2, 5, 31
Let z(b) = 27*b + 5. Let o(k) = k**3 - 8*k**2 + 2*k + 2. Let h be o(8). Suppose -26 = -4*f - h. What are the prime factors of z(f)?
59
Let b(x) be the second derivative of x**5/20 + x**4 - 2*x**3/3 + 9*x**2/2 - 10*x. Let g be b(-11). Let p = g - 90. What are the prime factors of p?
2, 3, 7
Suppose -162406 = -68*n + 7*n + 430453. What are the prime factors of n?
9719
Suppose 0 = -54*v - 6*v + 2917500. List the prime factors of v.
5, 389
Let f = -6564 + 9108. List the prime factors of f.
2, 3, 53
Suppose 0 = -7*v + 248 + 312. Suppose 2*k + 5*l + 220 = 5*k, 0 = -k - 5*l + v. What are the prime factors of k?
3, 5
List the prime factors of (25872/(-36))/14*(-459)/1.
2, 3, 7, 11, 17
What are the prime factors of 13496 - (282/94 + -6 + 0)?
13499
Suppose -10*c = q - 7*c - 66583, 66597 = q - 4*c. What are the prime factors of q?
17, 3917
Suppose -27 = 2*n - 3*n. Let r = -22 + n. Suppose -r*s = -15, -5*w - 2*s + 413 = -s. What are the prime factors of w?
2, 41
Let b(d) = 2*d**2 + 41*d + 26. Let m be b(-20). Suppose -y = -m*y + 4555. List the prime factors of y.
911
Let r(a) = -18*a - 27. Let q(j) = 1. Let v(u) = 2*q(u) + r(u). Let l be v(-13). Suppose -l = -2*h + 3. What are the prime factors of h?
2, 53
Suppose 0 = -7*u + 14 + 14. Suppose -u*c - 2*h = -22, 0 = 4*c + 3*h - 4*h - 7. Suppose -5*j = -c*m + 319, -4*j + 17 = -2*m + 227. List the prime factors of m.
113
Suppose -8679714 - 4639822 = -424*i. What are the prime factors of i?
2, 113, 139
Let i = -120 - -120. Suppose i = -40*f - 3786 + 17786. List the prime factors of f.
2, 5, 7
Let b = 46517 + -32048. List the prime factors of b.
3, 7, 13, 53
Let c(l) = l**3 - l. Let z(j) = -179*j**3 + 2*j**2 - 12*j + 10. Let d(s) = 6*c(s) - z(s). List the prime factors of d(2).
2, 11, 67
Suppose 0 = -78*t - 211905 + 786531. List the prime factors of t.
53, 139
Let r be ((-8)/4 + -2)/(2/4). Let t = r + 624. What are the prime factors of t?
2, 7, 11
Let f = -25 - -584. Let z = f + -242. List the prime factors of z.
317
Let y(t) = 54*t**2 - 18*t - 27. What are the prime factors of y(-13)?
3, 17, 61
Suppose -13*h - 283 + 49 = 0. Let c = 20 + h. Suppose -5*s = 3*x - 150, c*s - 3*x - 60 = -2*x. List the prime factors of s.
2, 3, 5
Suppose 56 = p - 6*p + 4*a, 3*a = -3. Let g be ((-8)/(32/p))/(-3). List the prime factors of (((-48)/(-40))/(g/(-45)))/1.
2, 3
Suppose 2*z + 14 = i, -13*z = -4*i - 10*z + 41. Suppose -5*x - 5*f + 7795 = 0, 11*x - i*x + f - 4671 = 0. List the prime factors of x.
2, 389
Let d = 63533 + -40472. What are the prime factors of d?
3, 7687
Suppose -38 = -y - 36. Suppose 11*f - y*f - 81 = 0. What are the prime factors of f?
3
Let n be (35/(-3))/((-26)/6 - -4). Suppose 2*o - 11 = -4*x + 219, 0 = x - 4*o - n. List the prime factors of x.
5, 11
Let j(m) = -m + 1. Let r be j(3). Let s(b) be the first derivative of -36*b**2 - b - 447. What are the prime factors of s(r)?
11, 13
Let f be 8 + 12 + (1 - 0). Suppose 5*u = 2*q - f, 0*q + 38 = 5*q + 2*u. Let g(o) = -o**3 + 6*o**2 + 18*o - 4. List the prime factors of g(q).
2, 3
Let l be 5/(-12)*-4 + (-1)/(-3). Let d(o) = 4 - 7*o**l + 18*o**2 - 2*o + 7*o. What are the prime factors of d(-4)?
2, 5
Let p = -18 + 11. Let r(v) = 24*v + v**3 + 8*v**2 + 5*v**2 + 11257895 - 11257894. What are the prime factors of r(p)?
127
List the prime factors of 10 + -18 - (-19837 - -3).
2, 23, 431
Let w(r) = r**2 - 10*r + 5. Let o(j) = 1. Let z(c) = -o(c) + w(c). Let l be z(10). What are the prime factors of l/(-3)*147/(-14)?
2, 7
Let k(d) = -d**3 + 46*d**2 - 27*d + 14. List the prime factors of k(16).
2, 3631
List the prime factors of ((13 - 14) + 2/6)*(-76270 - 2).
2, 7, 227
Let c(d) = 10*d + 133. Let p be c(-24). Let v = 968 + p. What are the prime factors of v?
3, 7, 41
Suppose 1025 = 3*r + 5*m, -11*m = -4*r - 8*m + 1415. Suppose 19*j - 9*j = r. What are the prime factors of j?
5, 7
Suppose 76 = -j - 3*k + 38, -2*k - 100 = 3*j. Let c(z) = z**3 + 32*z**2 - 29*z - 42. List the prime factors of c(j).
2, 443
Suppose 3*f + 3*m + 843 = 0, 848 = 19*f - 22*f - 2*m. Suppose -4*g + 2*g + 1096 = 0. Let c = g + f. List the prime factors of c.
2, 131
Let x(g) be the second derivative of 13*g + 25/6*g**3 - 7*g**2 + 0. What are the prime factors of x(4)?
2, 43
Suppose 0 = 3*p - 12*p + 17271. Let h = p - 1020. What are the prime factors of h?
29, 31
Let t(z) = -z**2 - 10*z + 23. Let f = 113 - 124. Let m be t(f). Suppose m*r = 208 + 92. List the prime factors of r.
5
Suppose -5*p - o = -14444, 11540 = -46*p + 50*p - 3*o. Suppose p = 8*u - 8864. What are the prime factors of u?
13, 113
Let d(f) = -390*f - 418. List the prime factors of d(-18).
2, 3301
Suppose 10*f - 5*f - 76564 = -3*q, -q - 5*f = -25508. What are the prime factors of q?
2, 3191
Let t = -4765 - -10231. What are the prime factors of t?
2, 3, 911
Let v = -1908 - -3099. What are the prime factors of v?
3, 397
Suppose 4*c + 2*r + 4 - 14 = 0, 2*c = -2*r + 10. Suppose -396*s + 394*s + 462 = c. What are the prime factors of s?
3, 7, 11
Suppose 834455 + 606421 = 167*s. What are the prime factors of s?
2, 3, 719
Suppose -3*d - 5*h = -12781, 3*d + 2*h = 5524 + 7278. What are the prime factors of d?
2, 3, 89
Suppose 8*c = 98588 - 2852. Suppose -2011 + c = 19*t. List the prime factors of t.
2, 131
Let t(m) = -2*m - 5. Let z(u) = 3*u + 10. Let s(p) = 5*t(p) + 3*z(p). Let q be s(5). Suppose q = 4*v - 62 - 174. List the prime factors of v.
59
Suppose 13*t - 48*t = 35. What are the prime factors of ((-195)/(-6) - -1)/(t/(-2))?
67
Suppose 4*p + 16 - 40 = 0. Let y(a) = 28*a + 15*a**2 - p*a - 37 - a**3 - a**2. What are the prime factors of y(15)?
2, 17
Suppose 0 = 3*l - 11*n + 7*n + 29, -2*l + 2*n - 16 = 0. Let a be (19 + l - -4)/(6/81). Suppose -198 = -3*h + a. List the prime factors of h.
2, 3, 13
Let m = 2035 - -2795. What are the prime factors of m?
2, 3, 5, 7, 23
Suppose 211*s + 191*s = 4077486. What are the prime factors of s?
3, 7, 23
Suppose 5*g = -2*w - 1145, -3*w - 1665 = -15*g + 12*g. Let c = w + 841. List the prime factors of c.
281
Suppose 0 = x + 2*x + 3